e factors of (-6 - y)*(-1 + -4)?
5
Suppose 0 = -3*h - y + 689, -5*h = -4*y + y - 1167. List the prime factors of h.
3, 7, 11
Let o(m) be the third derivative of -5*m**4/12 + m**3/6 - m**2. List the prime factors of o(-1).
11
Suppose 2 = 3*x - 4. Let j = x - -3. Let o(l) = -l**2 + 7*l + 1. List the prime factors of o(j).
11
Let h(y) = y**2 - y + 4. What are the prime factors of h(-4)?
2, 3
Let t(s) = 2*s**2 + 3*s + 3. Let f be t(5). Suppose -2*i - 18 = -v, -4*v + 3*i + i = -f. What are the prime factors of v?
2
List the prime factors of 576/27 - 1*(-2)/(-6).
3, 7
Suppose 2*h = -5*d + d + 4, h - 4*d = -28. Let r = h - 3. List the prime factors of (-3)/9*0 - r.
11
Suppose 0*o - 2*o = 0. Suppose o = -5*z + 2*s + 66, 18 = z + s - 3*s. What are the prime factors of z?
2, 3
Let m(n) = -n - 1. Let j be m(-6). Let p = 14 + -9. Suppose -d - d + 30 = j*c, p*c = 0. What are the prime factors of d?
3, 5
Let f be (-8)/(4*-1) + 26. Suppose -22 - f = -5*v. What are the prime factors of v?
2, 5
Let w(x) = 2*x**2 + 3*x - 6. What are the prime factors of w(-5)?
29
Suppose 4*q + 248 = 4*c, q = -2*c - 4*q + 110. What are the prime factors of c?
2, 3, 5
Suppose 5*u + 23 = -17. Let i(l) = -l**2 - 6*l + 9. Let g be i(u). Let p(d) = d**2 + 6*d + 5. List the prime factors of p(g).
2, 3
Let b = 12 + -12. Suppose 4*o - 152 + 24 = b. List the prime factors of o.
2
Let s be ((-21)/3)/(2/4). Let n be s/6 + (-4)/6. Let d(t) = -t**3 - t**2 + 4*t - 1. What are the prime factors of d(n)?
5
Let m(y) = -y**2 - 5*y + 1. Let p be m(-4). Suppose 3*n = 4*i + 61, 31 = p*n - 4*n - 4*i. What are the prime factors of n?
3, 5
Let a(q) = -37*q**3 + 2*q**2 + q + 2. What are the prime factors of a(-2)?
2, 19
Let x(q) = -q**3 - 5*q**2 - q - 3. Let t be x(-5). Suppose t*a + 10 = 3*c - 16, -2*c = a - 22. What are the prime factors of c?
2, 5
Let a be (-7 - (1 - 5)) + 33. Let l = 42 - a. List the prime factors of l.
2, 3
What are the prime factors of 86 - (-4)/(-4)*4?
2, 41
Let h = -1 - -6. Suppose 2*m - 10 = 2*w, 3*w = m + 4*w + h. Let k(o) = o**3 + o**2 + 10. List the prime factors of k(m).
2, 5
List the prime factors of -5*(-4 + 1 + -4).
5, 7
Let l(t) = t**3 + 3*t**2 - 4*t + 4. Let u be (-44)/12 - (-1)/(-3). Let h be l(u). Suppose h*z = 56 + 4. What are the prime factors of z?
3, 5
Let f(a) = -31*a**3 + a + 1. What are the prime factors of f(-1)?
31
What are the prime factors of 176/5 - (-2)/(-10)?
5, 7
Let m(t) = 11*t**2 + 7*t - 16. Let f(v) = -5*v**2 - 3*v + 8. Let d(z) = 9*f(z) + 4*m(z). Let g = 9 + -9. What are the prime factors of d(g)?
2
Suppose -4 = -2*o + 3*o. Let x = o - -6. Suppose 0 = -z + 12 + x. What are the prime factors of z?
2, 7
Let h = -29 + 241. What are the prime factors of h?
2, 53
Let d(t) = t**3 + 6*t**2 + 3*t - 3. Let w be d(-5). Let p(f) = 2*f - 10. What are the prime factors of p(w)?
2
Suppose -4*b + 0 + 12 = 0. Let r(c) = -c + 8. Let q be r(-5). Suppose -b*m - q = -40. What are the prime factors of m?
3
Suppose 0 = -18*n + 24*n - 492. What are the prime factors of n?
2, 41
Let v be 0 - (-1 - -1*3). Let g(a) = a - 1. Let q(b) = 3*b - 2. Let t(m) = 11*g(m) - 6*q(m). What are the prime factors of t(v)?
3, 5
Let v = -36 - -45. List the prime factors of v.
3
What are the prime factors of (-8)/52 + (-4430)/(-65)?
2, 17
Suppose 4*m + 8*u - 126 = 3*u, -5*m = 4*u - 162. What are the prime factors of m?
2, 17
Let z(p) = -p**3 + 18*p**2 - 14*p - 39. What are the prime factors of z(16)?
3, 83
Let j = 45 - 68. Let g = -9 - j. Let n = g - 1. What are the prime factors of n?
13
What are the prime factors of (-10)/45 + 425/9?
47
Let n = -9 - -17. Suppose 2*t - n = 18. What are the prime factors of t?
13
Suppose 18 = z + 60. Let x = 72 + z. What are the prime factors of x?
2, 3, 5
Suppose 2*m = -0*m + 2, -2*z = -m - 1. Let k be z - (-4)/((-8)/(-30)). Let d = k + -10. List the prime factors of d.
2, 3
Let a = 124 - 69. Suppose -3*d - p - 4*p = -a, 47 = 3*d + p. What are the prime factors of d?
3, 5
Suppose 0 = j + 3*v - 6, -4*j + 7 = 3*v - 8*v. Suppose -j*r - 16 = -5*r. List the prime factors of r.
2
Suppose -3*z + 24 = -120. List the prime factors of z.
2, 3
Let w = 41 + -7. What are the prime factors of w?
2, 17
Suppose d - 4*d + 3*j + 51 = 0, 5*d = 3*j + 93. What are the prime factors of 7 - (-7)/(d/6)?
3
Suppose -3*g - 21 = -3*x, 0 = -3*x + 5*g + 1 + 30. Let h(y) = 3*y**3 - 3*y**2 + y + 2. Let v be h(x). Let b = v + -6. List the prime factors of b.
2, 5
Suppose 0 = -3*k + 3. Let s(i) = i**2 - 6*i - 4. Let z be s(6). What are the prime factors of (1 - (k + z)) + -2?
2
Let j be 40/15*(-3)/(-2). Let z = j - -7. What are the prime factors of z?
11
Suppose 0 = -2*c + 5*c - 396. What are the prime factors of c?
2, 3, 11
What are the prime factors of (87/(-9))/((-1)/3)?
29
Let n be ((-3)/6)/((-1)/2). Let l be 15*(-10)/(-6) - n. Suppose p = -p + l. What are the prime factors of p?
2, 3
Suppose -223 = 5*g + 4*p, 3*p = 5*g - p + 207. Let u = 66 + g. Let m = 32 - u. What are the prime factors of m?
3
Let a(i) be the third derivative of i**5/15 - 3*i**2. List the prime factors of a(-1).
2
Let s be -1 + -1 + (-132)/(-4). Suppose f + 3 = -0*f + 2*h, 3*f + 5*h + s = 0. Let a = f + 12. List the prime factors of a.
5
Suppose -2*d + 4*d = 5*l - 15, -d - 3*l = -9. Let b be -2 - -5 - d - -2. Suppose 14 + 41 = b*y. List the prime factors of y.
11
Suppose -16 = -3*c + 2*c. Let u = c + -8. List the prime factors of u.
2
What are the prime factors of 52 - 0/2 - -3?
5, 11
Suppose 302 = 12*z - 10*z. What are the prime factors of z?
151
What are the prime factors of ((-15)/(-6) + -3)*-72?
2, 3
Suppose 0 = -3*s + 5 + 1. Suppose -s*a = a - 42. What are the prime factors of a?
2, 7
Suppose -2*g + 2*i + 115 = 3*g, g = 5*i. Suppose -3*f = f - 3*v + 9, 4*v - 12 = 4*f. Suppose 2*y + 3 - g = f. List the prime factors of y.
11
Let w(a) = a**3 - 4*a**2 + 6*a. Let c be w(6). List the prime factors of c/14 + 12/42.
2
Let h be 9/(1/8*6). Suppose -120 = -5*c - 4*k, -8 - h = -4*k. List the prime factors of c.
2, 5
Let h(m) = 8*m - 6. Let w(u) = -9*u + 6. Let i(s) = 6*h(s) + 5*w(s). What are the prime factors of i(8)?
2, 3
Let i = -6 + 9. Suppose 0 = i*k - 11 - 13. Suppose -w = -2*w + k. List the prime factors of w.
2
Let z be (-66)/(-4) - (-1)/2. Let c = 35 - z. List the prime factors of c.
2, 3
Suppose -2 = 3*q + 1. Let l = -5 - 0. Let u = q - l. What are the prime factors of u?
2
Let a(p) = -2*p. Let z be a(-2). Suppose 48 + 8 = z*l. List the prime factors of l.
2, 7
Suppose j + 7 = 9. Suppose r + r + 42 = 2*k, 3*k = -j*r + 73. List the prime factors of k.
23
Let d(v) = -v**2 - 9*v + 5. Let h be d(-7). Let x = -3 + h. What are the prime factors of x?
2
List the prime factors of -186*-2*(-3)/(-12).
3, 31
Let r be (-1 - -3) + (-27)/(-3). Suppose -r = -m - 0*m. Let j = m - 6. What are the prime factors of j?
5
Let m = 31 - 21. What are the prime factors of 20/(-12)*(-36)/m?
2, 3
Suppose -40 = 3*l + 71. Let b = -24 - l. List the prime factors of b.
13
Suppose -5*v - 300 = -5*z, -2*v + 87 + 93 = 3*z. Suppose 5*t = -5*q + z, 3*q + 3*t = 4*t + 24. List the prime factors of q.
3
Let a = 14 + 11. Suppose 15 + a = 4*k. List the prime factors of k.
2, 5
Let v(d) = -d - 5. Let y be v(-10). Let o(m) = m**3 - 2*m**2 - 6*m + 2. What are the prime factors of o(y)?
47
Let y = -55 + 27. Let n = -13 - y. List the prime factors of n.
3, 5
Let k(a) = -4*a - 18. Let i(s) = -4*s + 4. Let u be i(4). What are the prime factors of k(u)?
2, 3, 5
Let y = 18 + -12. Let q = y + -13. Let b = 18 + q. What are the prime factors of b?
11
Let t(p) = p**3 + 4*p**2 - 2*p - 5. Let c be t(-4). Suppose -39 = -c*u + 6. List the prime factors of u.
3, 5
Let l = -8 - -6. Let p be l/12 + (-93)/(-18). What are the prime factors of (p + 5)/(1 + 0)?
2, 5
Suppose 3*t - p - 23 = 0, t + p = -2*p + 11. Let a(q) = q**2 - 8*q + 4. Let j be a(t). Suppose -i + 3*i - j = 0. List the prime factors of i.
2
Let r(t) be the second derivative of -t**5/20 - t**4/2 - 5*t**3/6 + t**2/2 - t. Let z be r(-5). List the prime factors of -2 + 2/z + 2.
2
Suppose 3*l = -r - 19, -3*l = 2*l - 3*r + 13. Let b = 4 - l. What are the prime factors of b?
3
Let j = 31 + 18. What are the prime factors of j?
7
What are the prime factors of (-9 - -8)*(-197)/(-2)*-2?
197
Suppose 3*c - 6*c - 27 = 